lculate the highest common factor of 20 and 2500.
20
Calculate the greatest common divisor of 145 and 7598.
29
What is the greatest common divisor of 3036 and 264?
132
What is the greatest common factor of 78 and 1443?
39
Calculate the greatest common factor of 3130 and 150.
10
Calculate the highest common divisor of 2352 and 48.
48
Calculate the highest common divisor of 736 and 224.
32
What is the highest common factor of 104 and 286?
26
What is the greatest common divisor of 954 and 72?
18
What is the greatest common factor of 427 and 91?
7
Calculate the greatest common divisor of 189 and 108.
27
What is the greatest common factor of 9607 and 65?
13
What is the greatest common factor of 1120 and 4640?
160
Calculate the highest common factor of 304 and 32.
16
Calculate the greatest common factor of 6 and 1224.
6
What is the greatest common factor of 3220 and 1540?
140
What is the greatest common divisor of 188 and 282?
94
What is the greatest common factor of 4856 and 8?
8
Calculate the highest common factor of 38 and 2.
2
What is the greatest common divisor of 55088 and 44?
44
Calculate the highest common factor of 11462 and 44.
22
Calculate the greatest common factor of 828 and 4761.
207
Calculate the greatest common divisor of 66170 and 130.
130
What is the greatest common divisor of 4187 and 106?
53
Calculate the greatest common factor of 15 and 2605.
5
Calculate the highest common factor of 8 and 136.
8
What is the highest common divisor of 78 and 1898?
26
Calculate the highest common divisor of 340 and 1530.
170
Calculate the highest common divisor of 3781 and 995.
199
Calculate the greatest common divisor of 20 and 160.
20
What is the highest common divisor of 64 and 272?
16
Calculate the greatest common factor of 19893 and 57.
57
What is the highest common divisor of 322 and 69?
23
What is the highest common factor of 15 and 1020?
15
Calculate the greatest common factor of 642 and 18.
6
Calculate the highest common factor of 240 and 180.
60
Calculate the greatest common factor of 611 and 188.
47
Calculate the highest common divisor of 710 and 5.
5
What is the highest common factor of 224 and 256?
32
Calculate the greatest common divisor of 1044 and 792.
36
Calculate the greatest common divisor of 6 and 474.
6
Calculate the greatest common divisor of 6 and 22.
2
Calculate the highest common factor of 30 and 1545.
15
What is the greatest common factor of 120 and 1284?
12
What is the greatest common divisor of 140 and 525?
35
What is the greatest common factor of 5908 and 168?
28
Calculate the greatest common factor of 220 and 100.
20
Calculate the greatest common factor of 234 and 6.
6
Calculate the highest common divisor of 1096 and 48.
8
Calculate the greatest common divisor of 3025 and 1375.
275
What is the highest common divisor of 48 and 1064?
8
What is the greatest common factor of 96 and 31776?
96
What is the highest common factor of 56741 and 23?
23
What is the highest common factor of 162 and 1026?
54
What is the highest common divisor of 4669 and 406?
203
Calculate the highest common divisor of 330 and 814.
22
What is the greatest common factor of 494 and 78?
26
What is the greatest common divisor of 6020 and 129?
43
Calculate the greatest common factor of 108 and 228.
12
Calculate the greatest common divisor of 432 and 312.
24
What is the highest common divisor of 160 and 30?
10
Calculate the greatest common divisor of 12 and 36996.
12
Calculate the highest common factor of 280 and 800.
40
Calculate the greatest common divisor of 189 and 288.
9
Calculate the highest common divisor of 798 and 105.
21
What is the greatest common factor of 20 and 90?
10
What is the highest common divisor of 28358 and 11?
11
Calculate the highest common divisor of 451 and 11.
11
Calculate the greatest common divisor of 163 and 31459.
163
What is the greatest common divisor of 29 and 464?
29
What is the highest common divisor of 6125 and 625?
125
What is the highest common factor of 3793 and 1?
1
What is the highest common factor of 5969 and 254?
127
Calculate the highest common divisor of 1071 and 567.
63
What is the greatest common divisor of 361 and 19?
19
What is the highest common factor of 404 and 1313?
101
What is the highest common factor of 471 and 1256?
157
What is the highest common factor of 4 and 172?
4
Calculate the highest common factor of 996 and 180.
12
Calculate the greatest common factor of 156 and 216.
12
Calculate the greatest common divisor of 181 and 62445.
181
Calculate the highest common factor of 1950 and 1500.
150
Calculate the highest common divisor of 2880 and 90.
90
What is the greatest common divisor of 84 and 108?
12
Calculate the highest common divisor of 44 and 17468.
44
Calculate the greatest common factor of 14 and 42.
14
Calculate the greatest common divisor of 299 and 26.
13
Calculate the greatest common divisor of 1122 and 30.
6
What is the greatest common divisor of 14 and 165592?
14
Calculate the greatest common factor of 1 and 19.
1
What is the greatest common factor of 77861 and 227?
227
What is the highest common divisor of 570 and 5510?
190
Calculate the greatest common factor of 105 and 133.
7
Calculate the greatest common factor of 47 and 5076.
47
What is the greatest common divisor of 300 and 24?
12
Calculate the highest common factor of 108 and 3186.
54
What is the highest common divisor of 192 and 300?
12
What is the highest common factor of 280 and 120?
40
What is the greatest common divisor of 63 and 20811?
21
Calculate the highest common divisor of 16268 and 166.
166
What is the highest common divisor of 190 and 152?
38
What is the highest common divisor of 1536 and 168?
24
Calculate the greatest common factor of 925 and 148.
37
Calculate the highest common factor of 344 and 8.
8
Calculate the greatest common divisor of 18 and 99.
9
What is the greatest common factor of 80 and 2500?
20
Calculate the highest common divisor of 15 and 1065.
15
What is the highest common factor of 24 and 2418?
6
What is the greatest common factor of 544 and 17?
17
What is the greatest common factor of 30 and 70?
10
Calculate the highest common factor of 15 and 165.
15
What is the highest common divisor of 819 and 26?
13
Calculate the highest common divisor of 477 and 72.
9
Calculate the greatest common factor of 143 and 11.
11
What is the highest common divisor of 38145 and 60?
15
What is the greatest common divisor of 119 and 17?
17
Calculate the highest common divisor of 36 and 5094.
18
What is the greatest common divisor of 12 and 222?
6
What is the highest common factor of 2867 and 611?
47
Calculate the highest common divisor of 1496 and 176.
88
What is the highest common factor of 3002 and 1102?
38
Calculate the greatest common factor of 60 and 1140.
60
Calculate the highest common factor of 551 and 203.
29
Calculate the greatest common factor of 486 and 54.
54
Calculate the highest common divisor of 15316 and 28.
28
What is the greatest common factor of 53 and 24327?
53
What is the greatest common divisor of 8190 and 126?
126
What is the greatest common divisor of 289 and 85?
17
What is the greatest common factor of 10 and 1770?
10
Calculate the highest common divisor of 114466 and 86.
86
Calculate the highest common divisor of 5941 and 13.
13
What is the greatest common divisor of 172 and 4?
4
What is the greatest common factor of 52 and 108?
4
Calculate the highest common factor of 4564 and 28.
28
What is the highest common divisor of 28 and 11424?
28
Calculate the greatest common factor of 7630 and 70.
70
Calculate the greatest common divisor of 3497 and 26.
13
Calculate the greatest common factor of 486 and 2106.
162
What is the highest common divisor of 183 and 3111?
183
What is the greatest common divisor of 976 and 176?
16
What is the greatest common factor of 627 and 726?
33
Calculate the highest common divisor of 927 and 206.
103
Calculate the highest common factor of 6 and 354.
6
What is the highest common factor of 295 and 118?
59
What is the highest common divisor of 165 and 99?
33
Calculate the greatest common divisor of 25 and 800.
25
Calculate the highest common divisor of 39 and 15.
3
Calculate the highest common divisor of 1387 and 190.
19
What is the highest common divisor of 779 and 12